 o + 15 = -3*j. Let h(p) = -5 + 0*p - p + o*p**2 + 6*p**2 + p**3 + 18. What is the units digit of h(-14)?
7
What is the thousands digit of 2548 + 5 + -7*(-2)/(-2)?
2
Suppose -3*b - 4*m + 36 = -7*m, -3*m = -5*b + 68. Let h(x) = -2*x**2 + x - 10. Let d be h(0). Let t = b + d. What is the units digit of t?
6
What is the tens digit of (-2)/6 + (82240/12)/4?
1
Suppose -25*r + 44*r - 13262 = 0. What is the tens digit of r?
9
Suppose -n = -3*g + 201 - 36, 3*n = 5*g - 507. Let a = -117 - n. What is the tens digit of a?
5
Let j be 1 - ((-2)/2 - 0). Suppose j*v - 49 = 55. What is the tens digit of v?
5
Suppose 15*j - 6899 - 16336 = 0. What is the thousands digit of j?
1
Let b be (-35)/(-2)*6/5. Suppose b = s - 0. Suppose 3 = 2*x - s. What is the tens digit of x?
1
Let f = 11 - -1. Let l(s) = -s + f - 7 + 2 + 6. What is the tens digit of l(-10)?
2
Suppose 3*v = 3 - 0. Let n(g) = 79*g. What is the tens digit of n(v)?
7
Let t = 3127 - 845. What is the hundreds digit of t?
2
Let p(b) = 118 + 3*b**2 - 5*b**2 + 3*b**2 - 3*b. What is the hundreds digit of p(0)?
1
Let g be 3 + (-6)/3 + -1. Suppose 0 = 4*f - g*f. Suppose r + r - 16 = f. What is the units digit of r?
8
Let p(z) = 2*z**2 + 0*z - 7 - 3*z**2 - 6*z. Let f be p(-3). What is the tens digit of (472/(-32))/(f/(-8))?
5
Suppose 20 - 50 = -5*t. Suppose -14 = z + 4*q, -35 = -3*z + 3*q - 2. Suppose k - t = z. What is the units digit of k?
2
Let l(h) = -6*h + 7. Let z be 6/(-36) + (-43)/(-6). Let p be l(z). What is the units digit of (-20)/p + 156/21?
8
Suppose o + 14 = 3*o. Let v = 16 - o. What is the units digit of ((-729)/2)/v*-2?
1
Suppose 3*t - 50 = 4*o + 112, 2*o + 88 = -2*t. Let q = -29 - o. Suppose 0 = 4*h - 5*h + q. What is the tens digit of h?
1
Suppose 3807*d = 3805*d + 2648. What is the hundreds digit of d?
3
Let q(y) = 8*y - 3. Let f(k) = 7*k - 3. Let z(i) = -6*f(i) + 5*q(i). Let j be ((-3)/(-4))/((-3)/36). What is the tens digit of z(j)?
2
Let p(k) = k**3 + k**2 + k + 2. Let g be p(0). Let y = g + 2. Let r(l) = l - 2. What is the units digit of r(y)?
2
Let q = -91 - -94. Suppose -3*j = -n + 121, -q*j - 4 = -4*j. What is the tens digit of n?
3
Suppose -4*x + 8*x - 5580 = 4*c, -2*x + 2794 = -c. What is the hundreds digit of x?
3
Let o be 106 - (-6 + (-1 - -4)). Suppose -6*z = -137 - o. What is the units digit of z?
1
Let a(j) = -6*j - 18. Let r be a(-5). Let b(u) = u**3 - 10*u**2 - 18*u + 3. What is the units digit of b(r)?
5
Let i(y) = 187*y**2 - 23*y + 78. What is the units digit of i(3)?
2
Suppose -5*s - 2*s + 21 = 0. Suppose -2*z + 15 = -2*c + s*z, -3*z + 28 = -5*c. What is the units digit of (-105)/c*3 - -1?
4
Let f(i) = -i**3 - 7*i**2 + 6*i - 9. Let a = 7 - 15. Let b be f(a). Suppose b*y + 3*v - 22 = 2*y, 4*y = -2*v + 18. What is the units digit of y?
5
Let f = 1306 + -512. What is the hundreds digit of f?
7
Let t(n) = 21*n - 491. What is the units digit of t(60)?
9
Suppose 0 = 4*p + 10 + 70. What is the tens digit of 16/16*(-1 - p)?
1
Suppose 3*b - 466 = -y + 2394, -5720 = -2*y + 5*b. What is the units digit of y?
0
Let x(f) = -f**2 + 3*f + 25. Let v be x(-5). Let p(o) be the third derivative of -o**4/12 + 3*o**3 + o**2. What is the tens digit of p(v)?
4
Suppose 2*d = 5*n + 5*d - 3412, 0 = -3*n + 3*d + 2052. What is the hundreds digit of n?
6
Let d(y) = 4*y + 3. Let n(k) = -5*k - 3. Let h(x) = -6*d(x) - 5*n(x). Let z be h(5). Suppose t - z*v - 21 = 2*v, -3 = -3*t - 3*v. What is the units digit of t?
5
Let b(y) = 207*y**2 + 29*y + 6. What is the units digit of b(-3)?
2
Suppose 0*u - 3010 = -5*u + 5*w, -3037 = -5*u - 4*w. What is the tens digit of u?
0
Let v(q) be the first derivative of 12*q + 1/2*q**2 - 7. What is the units digit of v(17)?
9
Suppose -3*d - 160 = -8*d. Let m be 2/8 - (-312)/d. Let g(v) = v**2 - 9*v + 9. What is the units digit of g(m)?
9
Suppose -5*j + 4*z + 16 = -0*j, 3*j - 2*z = 8. Let q be 4 - (2 + j) - 0. Suppose x - 8 = -2*w + 70, -q*w = 5*x - 78. What is the tens digit of w?
3
Let z = 921 - -477. What is the units digit of z?
8
Suppose -2*r = -2*f + 6*f - 180, -4*f = 3*r - 270. Let w = r + -61. What is the tens digit of w?
2
Let a = -10 + -41. Let n = -33 - a. What is the units digit of (n/4 - 2)*2?
5
Let k = -2 + 8. Suppose -h = b - k*b + 35, 2*b + 5*h = -13. What is the units digit of b?
6
Let o be (-2)/2*(-10 + 0). Suppose 2*n + o = 2*v, 0 = -2*n - 4 - 0. Suppose -v*d = -27 - 36. What is the tens digit of d?
2
Let w(u) = u**2 - u - 4. Suppose 7*k - 4*k = -2*z - 7, 0 = -5*z - k - 11. Let t be w(z). Suppose -46 + 0 = -l - 5*y, -t*l + 83 = y. What is the tens digit of l?
4
Let y(v) = -v + 19. Let i be y(13). Suppose -i*c - 1 + 37 = 0. Let g(a) = 3*a**2 - 7*a - 10. What is the tens digit of g(c)?
5
Let i = 1 - 1. Suppose 2*d + 18 = x - 3*d, 4 = -2*d. Suppose u = -i*u + x. What is the units digit of u?
8
Let p = 135 + 225. Suppose 0 = 4*x - 0*z + z - p, 2*z - 275 = -3*x. Let j = -30 + x. What is the units digit of j?
9
Suppose -153 = 4*u - 2365. What is the units digit of u?
3
Let v be ((-17)/4*114)/((-3)/4). Suppose -88 = 3*z - v. What is the tens digit of z?
8
Let a(q) = -q**3 + q**2 - q + 5. Let b be a(0). Suppose -b*o - 245 = -5*f, 0 = -2*f - 3*o + 2*o + 86. What is the tens digit of f?
4
Suppose 4*y - 20 - 8 = 0. Let v = y + 50. What is the tens digit of -2 - v/(-6)*6?
5
Suppose 10*h - 8 = -218. Let p(q) = 8*q**3 + 2*q**2 - 2*q - 5. Let l be p(4). What is the units digit of (-2)/7 - l/h?
5
Let v = -23 - -18. What is the units digit of ((-5)/(v/(-104)))/((-8)/16)?
8
Suppose -3*t - 3 = -2*y - y, 5*t = -y + 7. Let p be ((0/t)/(-1))/3. Suppose 5*z - 4*z - 56 = -4*f, 2*f + z - 28 = p. What is the units digit of f?
4
Suppose 3*r = -2*m + 408, 2*m + 2*r - 222 = 186. Suppose 2*f - 732 = -m. What is the units digit of f?
4
Let w be ((-722)/(-22))/1 + (-4)/(-22). Suppose 4*i - 115 = w. What is the units digit of i?
7
Suppose -2*r = 3*d - 872, 0 = -0*r - 4*r - 4*d + 1752. What is the hundreds digit of r?
4
Suppose 0*b = 3*b + 3. What is the tens digit of -42*(-2 + (-1)/b)?
4
Let x = -40 - -45. Suppose x*p = -a + 88, -3*p + 44 = -2*a + 181. What is the units digit of a?
3
Let s(v) = v**3 - 3*v**2 - 2*v + 6. Let t be s(-2). Let q(i) = i**2 - 8 + 0 - 2*i**2 - 14*i. What is the units digit of q(t)?
2
Let p = -243 + 289. Suppose d - 16 = 3*d. Let t = d + p. What is the units digit of t?
8
Let l(n) = n**2 + 8*n + 8. What is the units digit of l(18)?
6
Let v(b) = -b**2 - 6*b + 19. Let a be v(-12). Let d = a - -129. What is the units digit of d?
6
Suppose 3*f + 2*w = 0, 0 = 5*f - 0*f + 2*w - 4. Let y be (3 - f)/(6/18). Suppose -n = s - 55, 0*s + n - 163 = -y*s. What is the units digit of s?
4
What is the tens digit of (0 + 3)*(18 + -17) - -50?
5
Suppose g - 11 - 8 = -3*x, -25 = -x - 5*g. Suppose -399 = -x*d + 2*d. What is the hundreds digit of d?
1
Let l = -814 - -1336. What is the tens digit of l?
2
Let b(r) = 57*r**2 - 16*r - 41. What is the hundreds digit of b(-2)?
2
Let g(f) = f**3 - 5*f**2 + 9*f + 3. Let b be g(3). Let o(a) = 3*a + 1. Let v be o(1). What is the units digit of ((-45)/b)/((-1)/v)?
5
Suppose -4*d = -7*d - 6. Let g be 4 + -3 + 2 + d. What is the tens digit of -1 + g - (-41 + 15)?
2
Let k(g) = 5*g - 3. Let u be k(5). Let w = u - 10. Suppose -2*f = -3*i + w + 8, 0 = i - 5*f - 24. What is the units digit of i?
4
Suppose -5*z + a = 66, -2*z + 3*a - 2*a - 27 = 0. Let b(l) = -l**3 - 12*l**2 + 5. What is the hundreds digit of b(z)?
1
Let s be (-1)/(30/(-9) + 3). Suppose -s = h - 7. What is the units digit of (-1 - -1) + 16/h?
4
Let y(f) be the third derivative of -3*f**6/40 + f**4/12 + f**3/6 - f**2. Let p = -122 - -121. What is the units digit of y(p)?
8
Let n(r) = 8*r**2 + 1. Let o = -18 + 17. What is the units digit of n(o)?
9
Let l be (1/2)/(11/22). What is the tens digit of 207/12 - l/4?
1
Let g be ((2 - 1) + -1)/(-3). Suppose 3*d + 9 = -g*d, 0 = -4*l + 4*d + 32. Suppose -215 = -4*w + l. What is the units digit of w?
5
Suppose -19 = -v + 2227. What is the units digit of v?
6
Suppose 0 = -3*k + 17 + 34. Let i = 23 - k. What is the units digit of i?
6
Let q(t) = t**3 - 18*t**2 - t - 18. What is the tens digit of q(19)?
2
Suppose 351 = 5*t + 51. Let l be (t/75)/((-1)/(-90)). Suppose -l = -4*x + 4*a, -8 = 2*a + 2. What is the tens digit of x?
1
Let y be 3/9 + 3/(-9). S